0 - 1))/(-1). What are the prime factors of -1 - (-1*i - 2)?
2
Let i be 2*1 - (-10)/(-5). What are the prime factors of (3 - i) + 5*3?
2, 3
Suppose -3*q - 11 - 19 = 0. Let n be ((-4)/q)/((-4)/(-20)). Suppose n*w = w + 11. List the prime factors of w.
11
Let q(m) = -m**3 + m**2 + 2*m - 8. Let c be q(-4). Suppose -3*l = l - c. What are the prime factors of l?
2
What are the prime factors of -6*2/(-4)*17?
3, 17
Suppose 2*h + 586 = 5*a, -5*a - h = -519 - 58. What are the prime factors of a?
2, 29
Suppose 28*l + 33 = 31*l. What are the prime factors of l?
11
Let y(x) = x**2 + 3*x - 1. Let l be y(-3). Let t be 12 - (l - 9/(-3)). Suppose i = -4*i + t. What are the prime factors of i?
2
Let a(v) = -v**3 - 5*v**2 - 8*v. Let n(g) = 11*g**2 + g**3 + 2*g**3 - 1 + 5*g**2 + 24*g. Let z(y) = -8*a(y) - 3*n(y). What are the prime factors of z(-7)?
2, 5
Let f(s) = s**3 + 5*s**2 - 2*s - 5. Let d be f(-5). Suppose m + 1 = c, -2 = -0*c - 2*c + 3*m. Let g = d - c. What are the prime factors of g?
2
Suppose -4*n - 2 = -10. Suppose n*s = 4*s. List the prime factors of 8 - ((-2)/2 + s).
3
Let g(n) = 4*n**2 - 6*n - 18. List the prime factors of g(9).
2, 3, 7
Suppose t + 1 = 0, 3*n + 3*t = -0*t - 21. Let p(s) = s + 3 - 3*s + 1 - 2. List the prime factors of p(n).
2, 7
Let v(s) = -s**2 + 8*s - 6. Let h be v(7). List the prime factors of h/6 + 534/36.
3, 5
Suppose 4*q = 285 - 97. What are the prime factors of q?
47
Suppose 3*x - 2*r = 2*r + 37, 8 = 4*r. List the prime factors of x.
3, 5
Suppose 0*u + u - r - 76 = 0, 4*r + 385 = 5*u. What are the prime factors of u?
3
Suppose 0 = 3*x - 0*x - 21. Let k = x - 15. What are the prime factors of (k + 0)/(-1) + 0?
2
Let x(d) = 2*d**2 + 5*d - 1. Suppose -5*h + 0*h = 20. What are the prime factors of x(h)?
11
Suppose -11*z - 692 = -15*z. List the prime factors of z.
173
Suppose -32*v + 265 = -27*v. What are the prime factors of v?
53
Let i be (-1 + 3)/(-1 - -3). What are the prime factors of 21 - (0 - i - 0)?
2, 11
Let c = 3 - 3. Suppose c = -m - 9 - 8. Let k = -4 - m. What are the prime factors of k?
13
What are the prime factors of 1 - 2 - 4/((-12)/9)?
2
What are the prime factors of (-4)/(16/12) + 13?
2, 5
List the prime factors of 68 - (-3 - 0/(-1)).
71
Suppose -2*f = w - 158, 5*w + 2*f - 551 - 231 = 0. List the prime factors of w.
2, 3, 13
Let f(p) = 3*p**3 + 3*p**2 - 4*p + 2. Let n be f(2). Let c = 58 - n. List the prime factors of c.
2, 7
Suppose -2*v - z = -27, 5*z + 2 + 3 = 0. Let f = 33 - v. What are the prime factors of f?
19
Let r(i) = 13*i + 20. What are the prime factors of r(14)?
2, 101
Let s(d) = d. Let c be s(0). Let y(m) = m + 3. Let h be y(c). Suppose 4*k + 2*w + 1 = h*k, 2 = 4*k + 5*w. List the prime factors of k.
3
Suppose -2*c - 10 = 0, -c = -p - 3*c - 72. List the prime factors of p/(-3) + (-2)/3.
2, 5
Let c = 3 + -1. Suppose c = 3*s - 5*z - 24, s + z - 6 = 0. List the prime factors of (s - 2)/(1 + 0).
5
Suppose -35 = -4*m - m. Let j = -3 - 1. Let f = j + m. List the prime factors of f.
3
Suppose 5*y + 2*z - 68 = 59, 3*y - 73 = 2*z. List the prime factors of y.
5
Let y(b) be the first derivative of -12*b**2 + b - 1. Let r be y(-2). Suppose 3*h - 21 = -3*o, -5*h + 0*h + 2*o + r = 0. List the prime factors of h.
3
Let n be (-15)/(-6) - (-2)/4. Suppose 3*x - 12 = 4*v, 0 = 2*x + n*x - 5*v - 20. What are the prime factors of x/(-14) + (-540)/(-28)?
19
Suppose 18 = 4*c - 26. Suppose -2*i - 14 = 2*a, 4*i = i + 5*a + c. Let n = 7 - i. List the prime factors of n.
2, 5
Suppose -316 = 73*c - 75*c. What are the prime factors of c?
2, 79
Suppose -4*n = 5*z + 67, 0*z + 4*n = 3*z + 21. Suppose 5*w - 1 = t, -4*w + 89 = -4*t - w. Let s = z - t. What are the prime factors of s?
3, 5
Suppose -4*y + 820 = 3*u, -488 - 134 = -3*y - 4*u. What are the prime factors of y?
2, 101
Let k = 3 + 1. Let b = k - -7. List the prime factors of b.
11
Let w = -155 - -261. List the prime factors of w.
2, 53
Suppose 4*a + 10 = -a. List the prime factors of 6/a*(-9 - 3).
2, 3
Let u be 3 + -6 + 3 - -23. Let s = -8 + -4. Let h = s + u. What are the prime factors of h?
11
Let o(n) = -n**2 + 15. What are the prime factors of o(0)?
3, 5
Suppose -2*h + j + 0*j = -35, 0 = h + j - 22. Suppose 5 = f - h. What are the prime factors of f?
2, 3
Let f be -3*(8/6 + 2). Let g = 12 + f. List the prime factors of g.
2
Let x(j) be the first derivative of -5*j + 5/3*j**3 + 1/4*j**4 + 3 + j**2. List the prime factors of x(-4).
3
Suppose 4*s - 298 = -5*k, -s - 2*s + 4*k = -208. What are the prime factors of s?
2, 3
Suppose 0 = 2*a + v, 0 = a + 4*a - v - 14. Suppose 0 = -a*b + 7*b - 170. Let m = b + -20. What are the prime factors of m?
2, 7
Let x(z) = z**3 + 7*z**2 - 5*z - 6. What are the prime factors of x(-6)?
2, 3, 5
Let s be (1*141)/(15/10). List the prime factors of s/18 - 2/9.
5
List the prime factors of (-1 + -118)*14/(-49).
2, 17
Let v = 342 + -204. List the prime factors of v.
2, 3, 23
Let j = 41 + -16. Let q = -11 + j. List the prime factors of q.
2, 7
Suppose 2*t - 2 = -4*z, -3*t + 3*z - 6 = 9. List the prime factors of 8/t*90/(-24).
2, 5
Let g(a) = a + 4. Let t be g(0). Suppose 2*h = -2*k + 2, t*k - 22 = 2*h - 0*k. What are the prime factors of (h + 4)*2*4?
2
Let r = 200 + -104. List the prime factors of r.
2, 3
Suppose 2*r + 0*r = 0. Suppose 2*o + 4 + 6 = 2*p, -3*o = -5*p + 25. Suppose 2*w + 16 = -2*w, r = p*h - 3*w - 32. List the prime factors of h.
2
Suppose 26 - 2 = 3*k + 4*z, 3*k - 24 = -5*z. Let s(g) be the first derivative of g**2 + 4*g - 2. What are the prime factors of s(k)?
2, 5
Suppose 0 = 5*u - 1 - 14. Suppose u*s - 3 = -6. Let n(d) = -11*d - 1. List the prime factors of n(s).
2, 5
Let j(n) = n**2 + 11*n + 14. Let l be j(-10). Suppose -l*w = -w - 84. What are the prime factors of w?
2, 7
Let s(q) be the second derivative of q**7/2520 - q**6/90 + q**5/60 + q**4/6 - 2*q. Let z(o) be the third derivative of s(o). List the prime factors of z(8).
2
Let b(j) = j + j**2 - 3*j - 6*j - 4*j. Let d(r) = r**3 - 2*r**2 - 4*r - 3. Let y be d(4). What are the prime factors of b(y)?
13
Let b be (3/2)/(2/4). Suppose -b*c + 39 - 7 = -4*a, 3*c = -5*a + 14. What are the prime factors of c?
2
Let u(x) = -23*x**3 + 1. Let l be u(-1). Suppose 3*d + 0*d = l. List the prime factors of d.
2
Let j = 4 + 82. What are the prime factors of j?
2, 43
Suppose 0 = 5*u - 102 + 32. Suppose u = 3*x - x + 2*a, 2*x - 2*a - 18 = 0. List the prime factors of x.
2
Suppose 3*l - 2*u + 5*u = -21, -5*u - 19 = 3*l. List the prime factors of l/(-3 - (1 + -2)).
2
Let j(c) = -c**3 + c**2 + 2*c + 2. Let q(d) = d**3 - 5*d**2 - 7*d + 6. Let i be q(6). Suppose -3*w + 6*w + 6 = i. List the prime factors of j(w).
2, 5
Let u be -2 + 3 - (3 - 2). Suppose u = -5*s - 2*i - 420, -i = 2*s - 6*i + 168. List the prime factors of (-3)/2*s/18.
7
Let v(a) = a + 9. Let s be v(-8). Let f(y) = -7*y**3 - 2*y**2 + y. Let x be f(s). List the prime factors of 0/1 - (x + -1).
3
Let b = 0 + 4. Suppose -3*s - 27 = -5*u, b*u - 3*s - 2*s = 32. Suppose c + 0 = u. List the prime factors of c.
3
Let l = -5 + 0. Let f = l - -8. Suppose -4*y = h + 2, 3*h = -0*h - f*y + 30. What are the prime factors of h?
2, 7
Suppose 0*u + 6 = 2*u. Suppose 5 + 31 = u*j. Suppose -p - 2*p = -j. List the prime factors of p.
2
Let j = -64 - -107. What are the prime factors of j?
43
Let p(h) = h**3 - 4*h**2 + h + 1. Let d be p(4). Suppose -3*x = 5*n - 27, 2*n + 14 = -d*x + 78. List the prime factors of x.
2, 7
Let s(y) = y - 6. Let v be s(0). Let w = 8 + v. What are the prime factors of w?
2
Let t = 6 + -10. Let j be t/(-6)*24/(-1). Let z = j + 26. What are the prime factors of z?
2, 5
Let v = -21 - -65. List the prime factors of v.
2, 11
Suppose -9*u + 4*u + 37 = 4*r, 5*r + 4*u = 44. Suppose 3*h + r = 2*s, -3*s = -5*h - 19 + 7. List the prime factors of 0 + 2 - (0 - h).
2
Let x be (-1)/(-4) + 2/(-8). Suppose -2*i + 6*i - 20 = x. List the prime factors of i.
5
Suppose -5*x - 224 - 106 = -5*i, 3*i - x = 194. Let p = i + -34. What are the prime factors of p?
2, 3, 5
Suppose -2*t - 5*q + 4*q = 21, 0 = 5*t + q + 45. What are the prime factors of (258/24)/((-2)/t)?
43
Let g = 105 + -46. List the prime factors of g.
59
Let k = -36 - -132. Suppose 0 = -c - 3*c + k. Suppose d = 4*d - c. List the prime factors of d.
2
Suppose 0 = -u + 4*y + 8, 5*u 